 - 67996. What is the remainder when 1333 is divided by s?
87
Let k(t) = -151*t + 5001. Suppose 4*o - 55 = -o. What is the remainder when k(33) is divided by o?
7
What is the remainder when 3271 is divided by 493/(-522) - (-2)/4 - (-182590)/279?
1
Let b be -14 + 14 - (-672)/(-3). Let n = 249 + b. Calculate the remainder when 45 is divided by n.
20
Suppose 5*k = 3*b + k - 18, -2*b + k = -7. Calculate the remainder when 22/(b - 3/2) is divided by (102/(-18) + 5)*69/(-2).
21
Let f(l) = 12*l - 1. Let d(n) = 41*n**2 - 76*n - 154. What is the remainder when d(-2) is divided by f(1)?
8
Let c(o) = 78*o + 2378. Calculate the remainder when c(-22) is divided by 138.
110
What is the remainder when 153 is divided by 6 + (-36)/3 + (0 - -22)?
9
Let w be (456 + 3 + 7)/1. Let h = w + -433. What is the remainder when h is divided by 17?
16
Suppose 53*r - 164910 = 28181 + 98674. What is the remainder when r is divided by 27?
24
Suppose 2*t = -37 - 61. Let s(f) = 2*f + 28. Let n be s(14). Let g = t + n. Calculate the remainder when g is divided by 2.
1
What is the remainder when 1309 is divided by 75/120 + 1606/16?
97
Let g(r) = 2*r**3 - 131*r**2 + 67*r + 7. What is the remainder when 145 is divided by g(65)?
8
Let l = 851 - 826. Let z(m) = 62*m**2 - m - 1. Calculate the remainder when z(-1) is divided by l.
12
Suppose 1456 = -538*o + 629*o. Calculate the remainder when 2542 is divided by o.
14
Let j(y) = 8*y - 5. Let a(o) = 16*o - 10. Let n(z) = -6*a(z) + 11*j(z). What is the remainder when 895 is divided by n(-8)?
67
Suppose 65*r = 69*r - 368. Let h = 116 - r. What is the remainder when 65 is divided by h?
17
Let y(v) = v**3 - 8*v**2 + 7*v - 7. Let x(z) = -z**3 + 8*z**2 + 9*z - 2. Let i be x(-4). Let s = 179 - i. Calculate the remainder when y(8) is divided by s.
24
Calculate the remainder when 7/56*-4 + 11/(110/3615) is divided by 28.
25
Suppose 0*l = 4*l - c - 260, 5*l + 3*c = 325. Let z = -36 + l. Calculate the remainder when 141 is divided by z.
25
Suppose 54*g - 904 - 64 = -50. Calculate the remainder when 832 is divided by g.
16
Suppose -4*f + 20 = 5*q - 22, 3*q = -4*f + 38. Calculate the remainder when f is divided by 1.
0
Suppose -3*z + 7*z = -728. Let v(j) = -40*j - 787. What is the remainder when (z/(-65))/((-2)/(-30)) is divided by v(-20)?
3
Suppose 11*w - 9*w - 9333 = -15*w. What is the remainder when w is divided by 139?
132
Let y be (-4 + 4/6)/((-2)/3). Suppose 6*q = -j + 4*q + 7, y*q = j - 21. What is the remainder when j is divided by 2?
1
Let q = -1704 - -1742. What is the remainder when 300 is divided by q?
34
Let u(j) = 13*j - 175. Let f be u(14). Suppose -f*l - 748 = -11*l. What is the remainder when l is divided by 21?
19
What is the remainder when (-12)/15 + 21504/80 is divided by 17?
13
Let p = 4490 + -3389. Calculate the remainder when p is divided by 85.
81
Let q(t) = t**2 - 17*t + 25. Let g be q(7). Suppose -5*r + 14 - 84 = 0. Let m = r - g. Calculate the remainder when m is divided by 16.
15
Let p(a) = 8*a - 258. Let v(k) = -2. Let w(j) = -p(j) + 10*v(j). What is the remainder when w(11) is divided by 55?
40
Let h(u) = -u**3 - 16*u**2 - 17*u - 16. Let m be (60/8)/(5/(-10)). Calculate the remainder when h(m) is divided by (-1)/(1/(-4)) - (-4)/2.
2
Let n be (-12)/(-30) + (-53)/(-5). Suppose 9*c + 112 = n*c. Suppose -2*i + 5*d = -30, -c + 11 = -3*i - d. Calculate the remainder when 59 is divided by i.
14
Suppose -9772*z = -9775*z - 2*k + 420, 5*z - 662 = 3*k. What is the remainder when 895 is divided by z?
79
Let m = -93 + 80. What is the remainder when (3/(-2))/(((-78)/(-80))/m) is divided by 12?
8
Let m = -43067 - -43589. What is the remainder when m is divided by 6?
0
Suppose 3*r + 4*r + 124 = 8*r. Calculate the remainder when r is divided by 34.
22
Let l(h) = -17*h. Let p be l(-2). Let u(i) = -12*i - 83. Let k be u(-9). Let f = p - k. Calculate the remainder when 25 is divided by f.
7
Let i = -952 - -1569. Suppose 31*c + 152 = i. Let r(x) = 70*x**2. What is the remainder when r(-1) is divided by c?
10
Let d(f) = 3*f**2 + 6*f - 181. Let w be d(0). Let k = 217 + w. Let i(l) = l**2 + 7*l + 5. Calculate the remainder when k is divided by i(-8).
10
Suppose -2*c - 408 = -4*b, -39*b + 41*b - 2*c - 208 = 0. Let i(v) = -11*v - 33. What is the remainder when b is divided by i(-7)?
12
Let i(m) = -109*m + 14. What is the remainder when 9057 is divided by i(0)?
13
Let s(i) = -i**2 - i + 39. Let m(u) = u**3 - 29*u**2 + 95*u - 376. What is the remainder when m(26) is divided by s(0)?
27
Let n(h) = 4*h**2 - 15*h + 613. Calculate the remainder when n(15) is divided by 68.
64
Suppose -y = 4*y - 2065. Calculate the remainder when y is divided by 9*(-460)/(-234) + 4/13.
17
Let a be 2*2/(-4) + -4. Let c(i) = i**3 + 8*i**2 - 4*i + 8. Suppose -13 - 41 = -2*r. What is the remainder when c(a) is divided by r?
22
Suppose -7*l - 28 = 13*l - 24*l. What is the remainder when 192 is divided by l?
3
Let l = -395 - -432. Let z = 25 + -9. What is the remainder when l is divided by z?
5
Let f be (2706/44 + 18)/((-6)/8). Let u(a) = 158*a**3 - 1. Let x be u(1). Let b = x + f. What is the remainder when 101 is divided by b?
50
Let i(s) = -s + 32. Let o be i(-12). Let z = -8 + o. Suppose 0 = 2*f - f - 142. Calculate the remainder when f is divided by z.
34
Let u(l) = 165*l + 161*l + 90 - 494*l + 165*l. What is the remainder when 206 is divided by u(27)?
8
Let g(i) = -i**3 - i**2 - i + 32. Let f = 784 - 692. What is the remainder when f is divided by g(0)?
28
Calculate the remainder when (-2)/3 + (-592)/(-6) is divided by 690625/(-24375)*(1 - (-22)/(-10)).
30
Suppose -6*v - 23 = -4*v + j, 3*v = 5*j - 2. Let x(r) = -2*r - 12. Calculate the remainder when (-2)/4 - 57/(-2) is divided by x(v).
4
Suppose 96*g = 90*g - 36. What is the remainder when 7 is divided by 3/((g/(-8))/1)?
3
Let w = 2938 - 2897. What is the remainder when 77 is divided by w?
36
Let z be (220/24 + 6/18)*58. Suppose 387 = 5*v + r - z, -2*v + 5*r + 386 = 0. Calculate the remainder when v is divided by 39.
32
Let c(x) = 3*x**2 - x - 12. Let v be c(6). Suppose a = 7*a - v. What is the remainder when ((-18)/(-9))/((-56)/58 + 1) is divided by a?
13
Suppose -3*l + 809 = g, 36 = 3*g + 30. What is the remainder when 776 is divided by l?
238
Let s(r) = 27*r + 315. Calculate the remainder when s(16) is divided by 20/(-8)*-10*1.
22
Let r(f) = f**2 + 14*f - 144. Let k be r(-21). What is the remainder when 170 is divided by 56 + (-14)/(-5 + k)?
44
Suppose -2*n = 2*p - 0*p - 22, -3*p + 34 = 2*n. Suppose 0 = 12*m - 66 - 486. Calculate the remainder when m is divided by p.
10
Let v = 41 - -59. Suppose -110*x - 161 = -45*x - 1006. What is the remainder when v is divided by x?
9
Let f(b) = b**3 + 22*b**2 + 43*b - 45. What is the remainder when f(-19) is divided by 98?
25
Let g(h) = 66*h + 56. Let u(b) = 197*b + 169. Let s(j) = 17*g(j) - 6*u(j). What is the remainder when s(-2) is divided by 49?
9
Suppose -2 = -u + 10. Suppose 0 = -3*k + 30 - u. Calculate the remainder when (2 - (-1)/(-1))*-10*(-30)/20 is divided by k.
3
Let y be (-180)/7 + 6/(-21). Let g = y + 83. Let d(s) = -2*s**2 - 38*s + 15. What is the remainder when g is divided by d(-19)?
12
Let s be -15 - -9 - (-2 - -2). Suppose 4*v - 4*r - 87 = 49, 3*v - r - 100 = 0. What is the remainder when (-312)/(-60)*(-75)/s is divided by v?
32
Let t be 159 + -7 + 15 + -5. Let i = t - 140. Calculate the remainder when 70 is divided by i.
4
Let j be (-204)/(-2)*(-2)/(-4). Let c be (-1179)/(-12) - -6 - (27/12 - 3). Let l = c - j. What is the remainder when l is divided by 29?
25
Let j(x) = -90*x**2 + 2*x + 7. Let l be j(-2). Let g = l - -383. What is the remainder when g is divided by 21?
5
Let b(c) = c**2 + 45*c - 666. What is the remainder when 3525 is divided by b(-57)?
15
Let y(r) = r**3 - 20*r**2 - r + 54. Suppose v = 4*n - 2*v - 128, 3*n + 4*v = 96. Suppose 3*t + 5 = n. What is the remainder when y(20) is divided by t?
7
Let c(o) = 2*o**3 + 4*o**2 - 74*o + 40. Calculate the remainder when c(6) is divided by 153.
19
Let w(d) = -23*d**3 + d**2 - 2*d + 2. Let c be w(1). Let r = c - -20. What is the remainder when r/10 + 376/5 is divided by 13?
10
Suppose 0 = -13*h + 14*h - m - 96, 0 = m - 5. Calculate the remainder when h is divided by 40.
21
Calculate the remainder w